j - i - 283 = 0, 2*j - 3 = -i + 106. What is the highest common divisor of 8 and j?
8
Let a = 228 - 196. Calculate the highest common divisor of 608 and a.
32
Let p(q) = -5*q**3 - 47*q**2 - 20*q + 10. Let y be p(-9). Calculate the greatest common factor of 28 and y.
28
Suppose 73 + 113 = 2*p. Let x(q) = -43*q - 325. Let t be x(-9). What is the highest common divisor of t and p?
31
Let f(x) = x**2 - 6*x + 9. Let i be f(6). Let b(w) = 2*w**2 + 9*w - 6. Let s be b(3). Let m = 57 - s. What is the greatest common factor of m and i?
9
Suppose -2*u - 2*s = -88, -38*s - 10 = -40*s. Let p = -144 + 209. What is the highest common factor of u and p?
13
Let x = -7 - -12. Let f be (11/((-88)/16))/((-2)/3). Suppose 2*l - 4*w = 54, 3*l - x*w - 65 = -f*w. Calculate the highest common divisor of 171 and l.
19
Let t be (-8)/12 - (-1)/(-3). Let s be (0 - (-2)/(-2))*t. Let a be (9/12)/(-3*6/(-24)). Calculate the greatest common divisor of s and a.
1
Suppose 0 = j + 3 - 11. Let b = 112 + -48. What is the greatest common factor of j and b?
8
Let f = 4 - 1. Suppose c - 6 = f*c, -c + 3 = 2*n. Suppose -y + n*l = -4*y + 171, -3*y = 2*l - 174. Calculate the highest common factor of y and 20.
20
Let k = 38 + -28. Calculate the greatest common factor of k and 90.
10
Let h be (0/(-1) - 0)/(-2). Suppose z - 17 = -h. Let l(x) = 7*x - 4. Let m be l(3). What is the highest common divisor of z and m?
17
Suppose -5*c + 546 = -54. Suppose c = 5*t - 3*t. Calculate the greatest common divisor of t and 12.
12
Let g(q) = q**2 - 9*q + 16. Let f be g(11). Let i(w) = 0 - 55*w + 3 - 5 + 4. Let b be i(-1). What is the highest common divisor of b and f?
19
Let u be 1 - (2*2)/(8/(-16)). What is the highest common divisor of u and 225?
9
Let i = -30 + 30. Suppose i = 3*t - 4*t + 20. Calculate the highest common factor of 180 and t.
20
Let x be 0 - -1 - (9 + 100/(-10)). What is the highest common divisor of 2 and x?
2
Suppose -19*r + 21*r - 54 = 0. Suppose -4*i - 3 = -r. What is the highest common factor of 18 and i?
6
Let v = -7 - 41. Let j be (-5)/3*v/40. Calculate the highest common factor of 8 and j.
2
Let w(g) = -2*g**2 - 7*g + 11. Let h be w(-9). Let n be (2 - -1)/(12/h). Let x = n + 34. Calculate the highest common factor of x and 24.
12
Suppose 2950 = 4*x + 2*n - 1034, -n = x - 998. Calculate the greatest common factor of 14 and x.
14
Let g(h) = h**2 - 4*h + 7. Let s be g(5). Suppose -s = -m + 4. Let t(i) = 2*i + 24. Let q be t(8). What is the highest common factor of m and q?
8
Suppose 7*o - 11374 = -15*o. What is the highest common divisor of o and 11?
11
Suppose 12 + 158 = 5*q. What is the greatest common divisor of 34 and q?
34
Let k(t) be the second derivative of t**4/12 - 5*t**3/3 - 15*t**2/2 + 7*t. Let i be k(13). What is the highest common factor of i and 48?
24
Let k(m) = 2*m**3 + m**2. Let d be k(-1). Let i be d/6 + (-57)/(-18). Suppose 6*n = i*n + 126. What is the highest common factor of 14 and n?
14
Let w(p) = p**3 - 15*p**2 - 2*p + 20. Let k be w(15). Let h be 36 - -3 - (k + 5). Calculate the highest common factor of 66 and h.
22
Let x(y) = -29*y - 41. Let t be x(-13). Let p(i) = 3*i**2 + 10*i - 4. Let v be p(-5). What is the highest common divisor of v and t?
21
Suppose -3 = -5*y + 7, 0 = 5*j - y - 2253. What is the greatest common divisor of j and 11?
11
Let o = 22 - 24. Let v be 32 - (-1 + 3 - o). What is the highest common factor of 7 and v?
7
Suppose 5*h + 0*m + 5*m = 8900, 5*m + 8860 = 5*h. Calculate the highest common factor of 37 and h.
37
Let w be (5/3 - 0)*3. Suppose -2*n + w*z + 84 = 17, 5*n - 2*z - 178 = 0. Calculate the greatest common factor of n and 4.
4
Suppose 0 = -2*r - 8. Let t be 2/r + 639/18. What is the greatest common factor of t and 385?
35
Let w be (6 - 7)*6*-23. What is the greatest common divisor of w and 23?
23
Let q = 192 + -175. What is the greatest common divisor of 221 and q?
17
Suppose 64 = 3*x - 2*b - 18, 117 = 4*x + 5*b. Calculate the highest common factor of x and 14.
14
Suppose 5*j - 445 = 5*l, 4*l + 302 = 3*j + 30. What is the greatest common divisor of 196 and j?
28
Suppose 0 = 3*l - 7*l + 72. Let j(t) = -3*t**2 - 15*t + 36. Let r be j(-6). Calculate the highest common divisor of l and r.
18
Suppose -11*j + 504 = -442. What is the greatest common divisor of j and 4?
2
Suppose 0 = -k + 2*k + 7. Let n = k + 29. Suppose 94*q - 396 = 82*q. What is the greatest common divisor of q and n?
11
Let m be (-3)/(8/((-2720)/15)). Suppose 0 = 2*b - 7*b + 10. Let t be 0 - 0 - (-34)/b. Calculate the greatest common factor of m and t.
17
Let t(g) = -62*g - 205. Let l be t(-4). Calculate the greatest common divisor of l and 86.
43
Let m be ((-6)/(-8))/(6/168). Calculate the greatest common divisor of 28 and m.
7
Let h(a) = a**2 + 11*a + 6. Suppose -x + 11 = -2*x. Let k be h(x). Calculate the greatest common divisor of 24 and k.
6
Let l(z) = -z**3 - z**2 - z - 21. Let b be l(0). Let j be 2262/b - (-2)/(-7). Let a = j + 186. What is the greatest common factor of a and 52?
26
Let k = 310 + -301. Calculate the highest common factor of k and 99.
9
Suppose -64 = -4*a + 4*j, j - 59 = -0*a - 4*a. Suppose -5*s = -8*s + a. Calculate the highest common factor of s and 45.
5
Suppose -9*d + 6*d - 4*i = -36, -52 = -4*d - 4*i. What is the greatest common factor of d and 784?
16
Suppose -5*q - 20 = 0, 124 = -4*w - 4*q + q. Let c = 98 + w. Calculate the highest common divisor of 10 and c.
10
Suppose 131 = 2*w + 3*y - 74, 3*y = -5*w + 490. What is the highest common factor of w and 152?
19
Let c(h) = -h**2 + 30. Let m be c(0). Suppose f = 4*f + 144. Let a = f - -68. What is the highest common divisor of m and a?
10
Let p(t) = -7*t + 8. Let m be p(-7). Suppose 2*u - 6*u = -8. Let h(c) = 11*c - 3. Let r be h(u). Calculate the highest common factor of m and r.
19
Let v(p) = 8*p**2 - 16*p - 8. Let u be v(7). Calculate the highest common factor of 32 and u.
16
Suppose -5*r = -4*t + 1007, -4*t - r = -0*r - 989. What is the greatest common factor of 186 and t?
62
Suppose -3*d - 6 = -2*d. Let z = d + 14. Let g(l) = 257*l - 13083. Let i be g(51). What is the highest common divisor of z and i?
8
Let x be -4 + (-7)/(-2) - (-14)/4. Suppose -3*h = 2*o - 38, 23 = -4*o + x. What is the highest common divisor of 4 and h?
4
Let w be (-1)/1 - 200/(-8). Suppose -w = 4*p - 84. Let f be (-12)/30 + 302/5. Calculate the highest common factor of p and f.
15
Let w = -38 + 37. Let t be (w - 1)/2*-1. What is the highest common divisor of 5 and t?
1
Let y(z) = 31*z**2 - 7*z - 51. Let h be y(-4). What is the highest common factor of 11 and h?
11
Let x = 40 + 17. Suppose 4*q - 3*d = x, d = 2*d - 5. Suppose 3*s + q = 378. What is the highest common factor of 15 and s?
15
Let p be (-3 + -1)*152/(-16) + 2. Calculate the greatest common factor of p and 25.
5
Suppose 20 = -3*c - 16. Let w be (-42)/c*3*10/1. Calculate the greatest common factor of w and 15.
15
Let w(q) = 8*q + 2. Let s be w(-1). Let m be -1*(0 - -2) - s. Suppose l - 4*d + 4 = 4*l, 2*d = m*l - 20. Calculate the greatest common divisor of 4 and l.
4
Let q = 20 - -169. Let s(t) = -3*t + 3. Let n be s(-6). What is the highest common divisor of n and q?
21
Let h(p) = -p**3 - 20*p**2 + 10*p + 3. Let x be h(-23). Calculate the greatest common factor of x and 240.
80
Suppose 5*d = 5 + 20, -178 = -2*x - 2*d. What is the highest common divisor of x and 210?
42
Suppose -3*q = -3*h - 2*q + 799, -h = -3*q - 253. Suppose 5*p + h - 1038 = 0. Calculate the highest common factor of 14 and p.
14
Suppose z - 2*l - 92 = -14, 4*l + 84 = z. Let f = 2804 + -2768. What is the greatest common divisor of f and z?
36
Let k be (3*508/6)/2. Let y = 182 - k. Suppose -4*m - 77 - 21 = -5*x, 0 = 4*x + m - 91. What is the greatest common divisor of x and y?
11
Let l = -54 + 93. Suppose 4*c = -m - 18, -3*m - 2 = -4*c - 28. Let v be (-1)/m + (-162)/(-12). Calculate the greatest common divisor of v and l.
13
Suppose 5 - 147 = -2*i + 3*h, -4*h + 49 = i. What is the highest common divisor of 40 and i?
5
Suppose b + 2*b = 6, 4*w = 2*b + 80. Suppose -8*k + w*k = 416. Calculate the greatest common factor of 256 and k.
32
Let a(w) = -w**3 - 7*w**2 - 3*w + 2. Let p be a(-10). Let x be p/20 - 5 - 3/5. Calculate the highest common divisor of 11 and x.
11
Let h be (-3)/((4/12)/